{"id":4597,"date":"2018-09-18T16:01:36","date_gmt":"2018-09-18T14:01:36","guid":{"rendered":"https:\/\/editionsouverture.ch\/wp2019\/?post_type=project&#038;p=4597"},"modified":"2019-07-31T10:23:28","modified_gmt":"2019-07-31T08:23:28","slug":"peins-mon-portrait-sil-te-plait","status":"publish","type":"product","link":"https:\/\/editionsouverture.ch\/wp2019\/livres\/livres\/peins-mon-portrait-sil-te-plait\/","title":{"rendered":"Peins mon portrait, s&rsquo;il te pla\u00eet!"},"content":{"rendered":"<p>[et_pb_section fb_built=\u00a0\u00bb1&Prime; admin_label=\u00a0\u00bbsection\u00a0\u00bb _builder_version=\u00a0\u00bb3.22.3&Prime;][et_pb_row admin_label=\u00a0\u00bbrow\u00a0\u00bb _builder_version=\u00a0\u00bb3.22.3&Prime; background_size=\u00a0\u00bbinitial\u00a0\u00bb background_position=\u00a0\u00bbtop_left\u00a0\u00bb background_repeat=\u00a0\u00bbrepeat\u00a0\u00bb][et_pb_column type=\u00a0\u00bb4_4&Prime; _builder_version=\u00a0\u00bb3.0.47&Prime;][et_pb_text admin_label=\u00a0\u00bbText\u00a0\u00bb _builder_version=\u00a0\u00bb3.0.74&Prime; background_size=\u00a0\u00bbinitial\u00a0\u00bb background_position=\u00a0\u00bbtop_left\u00a0\u00bb background_repeat=\u00a0\u00bbrepeat\u00a0\u00bb]\u00ab\u2009Un jet d\u2019acide\u2026 Et une fraction de seconde a suffi pour gommer l\u2019identit\u00e9 d\u2019une femme\u2009! Mais l\u2019identit\u00e9 se cantonne-t-elle au visage\u2009? O\u00f9 se trouve la beaut\u00e9 de l\u2019\u00eatre\u2009? Comment rester soi-m\u00eame alors que la physionomie est radicalement chang\u00e9e\u2009? Comment est-ce possible qu\u2019une femme soit br\u00fbl\u00e9e \u00e0 l\u2019acide\u2009? Comment continuer \u00e0 vivre et m\u00eame \u00e0 s\u2019\u00e9panouir malgr\u00e9 tout\u2009? Et chez nous\u2009? Nos contr\u00e9es sont loin d\u2019\u00eatre exemptes de violence envers les femmes\u2009! Comment se manifeste-t-elle sous nos\u00a0latitudes\u2009?<br \/>\nTr\u00e8s sensibles \u00e0 ces questions, les auteurs et auteures ont pass\u00e9 une semaine au \u00ab\u2009Sheroes\u2019 Hangout\u2009\u00bb \u00e0 Agra, un petit restaurant tr\u00e8s particulier, tout proche du Taj Mahal. Ils et elles nous partagent leur v\u00e9cu, leurs \u00e9motions. Un livre qui interpelle et nous plonge au plus profond de ce qui fait notre\u00a0humanit\u00e9.\u2009\u00bb<br \/>\n[\/et_pb_text][\/et_pb_column][\/et_pb_row][\/et_pb_section]<\/p>\n","protected":false},"excerpt":{"rendered":"<p>\u00ab\u2009Un jet d\u2019acide\u2026 Et une fraction de seconde a suffi pour gommer l\u2019identit\u00e9 d\u2019une femme\u2009! Mais l\u2019identit\u00e9 se cantonne-t-elle au visage\u2009? O\u00f9 se trouve la beaut\u00e9 de l\u2019\u00eatre\u2009? Comment rester soi-m\u00eame alors que la physionomie est radicalement chang\u00e9e\u2009? Comment est-ce possible qu\u2019une femme soit br\u00fbl\u00e9e \u00e0 l\u2019acide\u2009? Comment continuer \u00e0 vivre et m\u00eame \u00e0 s\u2019\u00e9panouir [&hellip;]<\/p>\n","protected":false},"featured_media":4286,"template":"","meta":{"_et_pb_use_builder":"on","_et_pb_old_content":"","_et_gb_content_width":""},"product_cat":[141,142],"product_tag":[],"_links":{"self":[{"href":"https:\/\/editionsouverture.ch\/wp2019\/wp-json\/wp\/v2\/product\/4597"}],"collection":[{"href":"https:\/\/editionsouverture.ch\/wp2019\/wp-json\/wp\/v2\/product"}],"about":[{"href":"https:\/\/editionsouverture.ch\/wp2019\/wp-json\/wp\/v2\/types\/product"}],"wp:featuredmedia":[{"embeddable":true,"href":"https:\/\/editionsouverture.ch\/wp2019\/wp-json\/wp\/v2\/media\/4286"}],"wp:attachment":[{"href":"https:\/\/editionsouverture.ch\/wp2019\/wp-json\/wp\/v2\/media?parent=4597"}],"wp:term":[{"taxonomy":"product_cat","embeddable":true,"href":"https:\/\/editionsouverture.ch\/wp2019\/wp-json\/wp\/v2\/product_cat?post=4597"},{"taxonomy":"product_tag","embeddable":true,"href":"https:\/\/editionsouverture.ch\/wp2019\/wp-json\/wp\/v2\/product_tag?post=4597"}],"curies":[{"name":"wp","href":"https:\/\/api.w.org\/{rel}","templated":true}]}}