{"id":4602,"date":"2018-04-11T16:27:30","date_gmt":"2018-04-11T14:27:30","guid":{"rendered":"https:\/\/editionsouverture.ch\/wp2019\/?post_type=project&#038;p=4602"},"modified":"2019-07-31T10:26:15","modified_gmt":"2019-07-31T08:26:15","slug":"4233","status":"publish","type":"product","link":"https:\/\/editionsouverture.ch\/wp2019\/livres\/non class\u00e9\/4233\/","title":{"rendered":"Itin\u00e9raires 100"},"content":{"rendered":"<p>[et_pb_section fb_built=\u00a0\u00bb1&Prime; admin_label=\u00a0\u00bbsection\u00a0\u00bb _builder_version=\u00a0\u00bb3.22.3&Prime;][et_pb_row admin_label=\u00a0\u00bbrow\u00a0\u00bb _builder_version=\u00a0\u00bb3.22.3&Prime; background_size=\u00a0\u00bbinitial\u00a0\u00bb background_position=\u00a0\u00bbtop_left\u00a0\u00bb background_repeat=\u00a0\u00bbrepeat\u00a0\u00bb][et_pb_column type=\u00a0\u00bb4_4&Prime; _builder_version=\u00a0\u00bb3.0.47&Prime;][et_pb_text admin_label=\u00a0\u00bbText\u00a0\u00bb _builder_version=\u00a0\u00bb3.0.74&Prime; background_size=\u00a0\u00bbinitial\u00a0\u00bb background_position=\u00a0\u00bbtop_left\u00a0\u00bb background_repeat=\u00a0\u00bbrepeat\u00a0\u00bb]Le langage de l\u2019universel<\/p>\n<p>\u00ab Pour comprendre l\u2019homme et ses besoins, pour le conna\u00eetre dans ce qu\u2019il a d\u2019essentiel, il ne faut pas opposer l\u2019une \u00e0 l\u2019autre l\u2019\u00e9vidence de vos v\u00e9rit\u00e9s. Oui, vous avez raison. Vous avez tous raison. La logique d\u00e9montre tout, Il a raison celui-l\u00e0 m\u00eame qui rejette les malheurs du monde sur les bossus. Si nous d\u00e9clarons la guerre aux bossus, nous apprendrons vite \u00e0 nous exalter. Nous vengerons les crimes des bossus. Et certes les bossus aussi commettent des crimes.<\/p>\n<p>Il faut, pour essayer de d\u00e9gager cet essentiel, oublier un instant les divisions, qui, une fois admises, entra\u00eenent tout un amalgame de v\u00e9rit\u00e9s in\u00e9branlables et le fanatisme qui en d\u00e9coule. On peut ranger les hommes en hommes de droite et en hommes de gauche, en bossus et en non bossus, en fascistes et en d\u00e9mocrates, et ces distinctions sont inattaquables.<\/p>\n<p>Mais la v\u00e9rit\u00e9, vous le savez, c\u2019est ce qui simplifie le monde et non ce qui cr\u00e9e le chaos. La v\u00e9rit\u00e9, c\u2019est le langage qui d\u00e9gage l\u2019universel. Newton n\u2019a point \u00ab d\u00e9couvert \u00bb une loi longtemps dissimul\u00e9e \u00e0 la fa\u00e7on d\u2019une solution de r\u00e9bus, Newton a effectu\u00e9 une op\u00e9ration cr\u00e9atrice. Il a fond\u00e9 un langage d\u2019homme qui p\u00fbt exprimer \u00e0 la fois la chute de la pomme dans un pr\u00e9 ou l\u2019ascension du soleil. La v\u00e9rit\u00e9 ce n\u2019est point ce qui se d\u00e9montre, c\u2019est ce qui simplifie.<\/p>\n<p>\u00c0 quoi bon discuter les id\u00e9ologies ? Si toutes se d\u00e9montrent, toutes aussi s\u2019opposent, et de telles discussions font d\u00e9sesp\u00e9rer du salut de l\u2019homme. Alors que l\u2019homme, partout, autour de nous, expose les m\u00eames besoins. (&#8230;)<\/p>\n<p>Quand nous prendrons conscience de notre r\u00f4le, m\u00eame le plus effac\u00e9, alors seulement nous serons heureux. Alors seulement nous pourrons vivre en paix et mourir en paix, car ce qui donne un sens \u00e0 la vie donne un sens \u00e0 la mort. \u00bb<\/p>\n<p><em>Antoine de St-Exup\u00e9ry (Terre des Hommes)<\/em><br \/>\n[\/et_pb_text][\/et_pb_column][\/et_pb_row][\/et_pb_section]<\/p>\n","protected":false},"excerpt":{"rendered":"<p>Le langage de l\u2019universel \u00ab Pour comprendre l\u2019homme et ses besoins, pour le conna\u00eetre dans ce qu\u2019il a d\u2019essentiel, il ne faut pas opposer l\u2019une \u00e0 l\u2019autre l\u2019\u00e9vidence de vos v\u00e9rit\u00e9s. Oui, vous avez raison. Vous avez tous raison. La logique d\u00e9montre tout, Il a raison celui-l\u00e0 m\u00eame qui rejette les malheurs du monde sur [&hellip;]<\/p>\n","protected":false},"featured_media":4235,"template":"","meta":{"_et_pb_use_builder":"on","_et_pb_old_content":"","_et_gb_content_width":""},"product_cat":[],"product_tag":[],"_links":{"self":[{"href":"https:\/\/editionsouverture.ch\/wp2019\/wp-json\/wp\/v2\/product\/4602"}],"collection":[{"href":"https:\/\/editionsouverture.ch\/wp2019\/wp-json\/wp\/v2\/product"}],"about":[{"href":"https:\/\/editionsouverture.ch\/wp2019\/wp-json\/wp\/v2\/types\/product"}],"wp:featuredmedia":[{"embeddable":true,"href":"https:\/\/editionsouverture.ch\/wp2019\/wp-json\/wp\/v2\/media\/4235"}],"wp:attachment":[{"href":"https:\/\/editionsouverture.ch\/wp2019\/wp-json\/wp\/v2\/media?parent=4602"}],"wp:term":[{"taxonomy":"product_cat","embeddable":true,"href":"https:\/\/editionsouverture.ch\/wp2019\/wp-json\/wp\/v2\/product_cat?post=4602"},{"taxonomy":"product_tag","embeddable":true,"href":"https:\/\/editionsouverture.ch\/wp2019\/wp-json\/wp\/v2\/product_tag?post=4602"}],"curies":[{"name":"wp","href":"https:\/\/api.w.org\/{rel}","templated":true}]}}