{"id":4648,"date":"2017-03-09T16:22:26","date_gmt":"2017-03-09T15:22:26","guid":{"rendered":"https:\/\/editionsouverture.ch\/wp2019\/?post_type=project&#038;p=4648"},"modified":"2019-07-31T10:34:54","modified_gmt":"2019-07-31T08:34:54","slug":"proches-de-vous-2","status":"publish","type":"product","link":"https:\/\/editionsouverture.ch\/wp2019\/livres\/plaquettes\/proches-de-vous-2\/","title":{"rendered":"Proches de vous !"},"content":{"rendered":"<p>Pour vous qui \u00eates malades<br \/>\net pour vous qui les accompagnez<\/p>\n<p>Foi chr\u00e9tienne et maladie<\/p>\n<p>Toute maladie, surtout si elle est grave,<br \/>\nprovoque un choc \u00e9motionnel<br \/>\nchez le malade et son entourage.<br \/>\nElle suscite pertes de rep\u00e8res,<br \/>\nd\u00e9sarroi, r\u00e9volte et col\u00e8re. Aussi le malade<br \/>\na d\u2019abord besoin d\u2019empathie,<br \/>\nd\u2019\u00eatre \u00e9cout\u00e9, d\u2019\u00eatre rassur\u00e9,<br \/>\nde sentir une pr\u00e9sence (m\u00eame silencieuse)<br \/>\n\u00e0 ses c\u00f4t\u00e9s. Ensuite viendront<br \/>\nles conseils, les d\u00e9marches m\u00e9dicales,<br \/>\nle cheminement spirituel.<\/p>\n<p>Tel est le sens que cette plaquette<br \/>\nvous propose.<\/p>\n","protected":false},"excerpt":{"rendered":"<p>Pour vous qui \u00eates malades et pour vous qui les accompagnez Foi chr\u00e9tienne et maladie Toute maladie, surtout si elle est grave, provoque un choc \u00e9motionnel chez le malade et son entourage. Elle suscite pertes de rep\u00e8res, d\u00e9sarroi, r\u00e9volte et col\u00e8re. Aussi le malade a d\u2019abord besoin d\u2019empathie, d\u2019\u00eatre \u00e9cout\u00e9, d\u2019\u00eatre rassur\u00e9, de sentir une [&hellip;]<\/p>\n","protected":false},"featured_media":3488,"template":"","meta":{"_et_pb_use_builder":"on","_et_pb_old_content":"","_et_gb_content_width":""},"product_cat":[143],"product_tag":[],"_links":{"self":[{"href":"https:\/\/editionsouverture.ch\/wp2019\/wp-json\/wp\/v2\/product\/4648"}],"collection":[{"href":"https:\/\/editionsouverture.ch\/wp2019\/wp-json\/wp\/v2\/product"}],"about":[{"href":"https:\/\/editionsouverture.ch\/wp2019\/wp-json\/wp\/v2\/types\/product"}],"wp:featuredmedia":[{"embeddable":true,"href":"https:\/\/editionsouverture.ch\/wp2019\/wp-json\/wp\/v2\/media\/3488"}],"wp:attachment":[{"href":"https:\/\/editionsouverture.ch\/wp2019\/wp-json\/wp\/v2\/media?parent=4648"}],"wp:term":[{"taxonomy":"product_cat","embeddable":true,"href":"https:\/\/editionsouverture.ch\/wp2019\/wp-json\/wp\/v2\/product_cat?post=4648"},{"taxonomy":"product_tag","embeddable":true,"href":"https:\/\/editionsouverture.ch\/wp2019\/wp-json\/wp\/v2\/product_tag?post=4648"}],"curies":[{"name":"wp","href":"https:\/\/api.w.org\/{rel}","templated":true}]}}