{"id":4665,"date":"2017-03-08T15:02:39","date_gmt":"2017-03-08T14:02:39","guid":{"rendered":"https:\/\/editionsouverture.ch\/wp2019\/?post_type=project&#038;p=4665"},"modified":"2019-07-31T10:36:57","modified_gmt":"2019-07-31T08:36:57","slug":"oh-vieillir","status":"publish","type":"product","link":"https:\/\/editionsouverture.ch\/wp2019\/livres\/plaquettes\/oh-vieillir\/","title":{"rendered":"Oh! vieillir"},"content":{"rendered":"<p>L&rsquo;esp\u00e9rance sans risque<br \/>\nce n&rsquo;est pas l&rsquo;esp\u00e9rance&#8230;<br \/>\nL&rsquo;esp\u00e9rance,<br \/>\nc&rsquo;est croire en l&rsquo;aventure<br \/>\nde l&rsquo;Amour :<br \/>\nfaire confiance aux hommes,<br \/>\nfaire un saut dans le noir<br \/>\nen s&rsquo;abandonnant \u00e0 Dieu.<\/p>\n<p><em>Dom Helder Camara<\/em><\/p>\n","protected":false},"excerpt":{"rendered":"<p>L&rsquo;esp\u00e9rance sans risque ce n&rsquo;est pas l&rsquo;esp\u00e9rance&#8230; L&rsquo;esp\u00e9rance, c&rsquo;est croire en l&rsquo;aventure de l&rsquo;Amour : faire confiance aux hommes, faire un saut dans le noir en s&rsquo;abandonnant \u00e0 Dieu. Dom Helder Camara<\/p>\n","protected":false},"featured_media":3407,"template":"","meta":{"_et_pb_use_builder":"on","_et_pb_old_content":"","_et_gb_content_width":""},"product_cat":[143],"product_tag":[],"_links":{"self":[{"href":"https:\/\/editionsouverture.ch\/wp2019\/wp-json\/wp\/v2\/product\/4665"}],"collection":[{"href":"https:\/\/editionsouverture.ch\/wp2019\/wp-json\/wp\/v2\/product"}],"about":[{"href":"https:\/\/editionsouverture.ch\/wp2019\/wp-json\/wp\/v2\/types\/product"}],"wp:featuredmedia":[{"embeddable":true,"href":"https:\/\/editionsouverture.ch\/wp2019\/wp-json\/wp\/v2\/media\/3407"}],"wp:attachment":[{"href":"https:\/\/editionsouverture.ch\/wp2019\/wp-json\/wp\/v2\/media?parent=4665"}],"wp:term":[{"taxonomy":"product_cat","embeddable":true,"href":"https:\/\/editionsouverture.ch\/wp2019\/wp-json\/wp\/v2\/product_cat?post=4665"},{"taxonomy":"product_tag","embeddable":true,"href":"https:\/\/editionsouverture.ch\/wp2019\/wp-json\/wp\/v2\/product_tag?post=4665"}],"curies":[{"name":"wp","href":"https:\/\/api.w.org\/{rel}","templated":true}]}}