{"id":4667,"date":"2017-03-08T14:02:55","date_gmt":"2017-03-08T13:02:55","guid":{"rendered":"https:\/\/editionsouverture.ch\/wp2019\/?post_type=project&#038;p=4667"},"modified":"2019-07-31T10:37:09","modified_gmt":"2019-07-31T08:37:09","slug":"guerir","status":"publish","type":"product","link":"https:\/\/editionsouverture.ch\/wp2019\/livres\/plaquettes\/guerir\/","title":{"rendered":"Gu\u00e9rir?"},"content":{"rendered":"<p>La plus grande victoire<br \/>\nde notre civilisation,<br \/>\nc&rsquo;est d&rsquo;avoir vaincu la maladie,<br \/>\net son plus grand \u00e9chec,<br \/>\nc&rsquo;est de n&rsquo;avoir pas gu\u00e9ri<br \/>\nla peur de l&rsquo;\u00e2ge&#8230;<\/p>\n<p><em>Jacques S\u00e9gu\u00e9la<\/em><\/p>\n<p>*disponible en allemand<\/p>\n","protected":false},"excerpt":{"rendered":"<p>La plus grande victoire de notre civilisation, c&rsquo;est d&rsquo;avoir vaincu la maladie, et son plus grand \u00e9chec, c&rsquo;est de n&rsquo;avoir pas gu\u00e9ri la peur de l&rsquo;\u00e2ge&#8230; Jacques S\u00e9gu\u00e9la *disponible en allemand<\/p>\n","protected":false},"featured_media":3399,"template":"","meta":{"_et_pb_use_builder":"on","_et_pb_old_content":"","_et_gb_content_width":""},"product_cat":[143],"product_tag":[],"_links":{"self":[{"href":"https:\/\/editionsouverture.ch\/wp2019\/wp-json\/wp\/v2\/product\/4667"}],"collection":[{"href":"https:\/\/editionsouverture.ch\/wp2019\/wp-json\/wp\/v2\/product"}],"about":[{"href":"https:\/\/editionsouverture.ch\/wp2019\/wp-json\/wp\/v2\/types\/product"}],"wp:featuredmedia":[{"embeddable":true,"href":"https:\/\/editionsouverture.ch\/wp2019\/wp-json\/wp\/v2\/media\/3399"}],"wp:attachment":[{"href":"https:\/\/editionsouverture.ch\/wp2019\/wp-json\/wp\/v2\/media?parent=4667"}],"wp:term":[{"taxonomy":"product_cat","embeddable":true,"href":"https:\/\/editionsouverture.ch\/wp2019\/wp-json\/wp\/v2\/product_cat?post=4667"},{"taxonomy":"product_tag","embeddable":true,"href":"https:\/\/editionsouverture.ch\/wp2019\/wp-json\/wp\/v2\/product_tag?post=4667"}],"curies":[{"name":"wp","href":"https:\/\/api.w.org\/{rel}","templated":true}]}}