{"id":4677,"date":"2017-01-30T16:24:30","date_gmt":"2017-01-30T15:24:30","guid":{"rendered":"https:\/\/editionsouverture.ch\/wp2019\/?post_type=project&#038;p=4677"},"modified":"2019-07-31T10:38:19","modified_gmt":"2019-07-31T08:38:19","slug":"itineraires-94","status":"publish","type":"product","link":"https:\/\/editionsouverture.ch\/wp2019\/livres\/non class\u00e9\/itineraires-94\/","title":{"rendered":"Itin\u00e9raires 94"},"content":{"rendered":"<p>Ces jours qui te semblent vides<br \/>\nEt perdus pour l\u2019univers<br \/>\nOnt des racines avides<br \/>\nQui travaillent les d\u00e9serts.<br \/>\nLa substance chevelue<br \/>\nPar les t\u00e9n\u00e8bres \u00e9lue<br \/>\nNe peut s\u2019arr\u00eater jamais,<br \/>\nJusqu\u2019aux entrailles du monde,<br \/>\nDe poursuivre l\u2019eau profonde<br \/>\nQue demandent les sommets.<\/p>\n<p>Patience, patience,<br \/>\nPatience dans l\u2019azur\u2009!<br \/>\nChaque atome de silence<br \/>\nEst la chance d\u2019un fruit m\u00fbr\u2009!<br \/>\nViendra l\u2019heureuse surprise\u2009:<br \/>\nUne colombe, la brise,<br \/>\nL\u2019\u00e9branlement le plus doux,<br \/>\nUne femme qui s\u2019appuie,<br \/>\nFeront tomber cette pluie<br \/>\nO\u00f9 l\u2019on se jette \u00e0 genoux\u2009!<\/p>\n<p>Qu\u2019un peuple \u00e0 pr\u00e9sent s\u2019\u00e9croule,<br \/>\nPalme\u2009!&#8230; irr\u00e9sistiblement\u2009!<br \/>\nDans la poudre qu\u2019il se roule<br \/>\nSur les fruits du firmament\u2009!<br \/>\nTu n\u2019as pas perdu ces heures<br \/>\nSi l\u00e9g\u00e8re tu demeures<br \/>\nApr\u00e8s ces beaux abandons\u2009;<br \/>\nPareille \u00e0 celui qui pense<br \/>\nEt dont l\u2019\u00e2me se d\u00e9pense<br \/>\n\u00c0 s\u2019accro\u00eetre de ses dons\u2009!<\/p>\n<p><em>Paul Val\u00e9ry<\/em><br \/>\n(Charmes \u2013 extrait du po\u00e8me Palme)<\/p>\n","protected":false},"excerpt":{"rendered":"<p>Ces jours qui te semblent vides Et perdus pour l\u2019univers Ont des racines avides Qui travaillent les d\u00e9serts. La substance chevelue Par les t\u00e9n\u00e8bres \u00e9lue Ne peut s\u2019arr\u00eater jamais, Jusqu\u2019aux entrailles du monde, De poursuivre l\u2019eau profonde Que demandent les sommets. Patience, patience, Patience dans l\u2019azur\u2009! Chaque atome de silence Est la chance d\u2019un fruit [&hellip;]<\/p>\n","protected":false},"featured_media":3144,"template":"","meta":{"_et_pb_use_builder":"on","_et_pb_old_content":"\r\n\r\nCes jours qui te semblent vides\r\nEt perdus pour l\u2019univers\r\nOnt des racines avides\r\nQui travaillent les d\u00e9serts.\r\nLa substance chevelue\r\nPar les t\u00e9n\u00e8bres \u00e9lue\r\nNe peut s\u2019arr\u00eater jamais,\r\nJusqu\u2019aux entrailles du monde,\r\nDe poursuivre l\u2019eau profonde\r\nQue demandent les sommets.\r\n\r\nPatience, patience,\r\nPatience dans l\u2019azur\u2009!\r\nChaque atome de silence\r\nEst la chance d\u2019un fruit m\u00fbr\u2009!\r\nViendra l\u2019heureuse surprise\u2009:\r\nUne colombe, la brise,\r\nL\u2019\u00e9branlement le plus doux,\r\nUne femme qui s\u2019appuie,\r\nFeront tomber cette pluie\r\nO\u00f9 l\u2019on se jette \u00e0 genoux\u2009!\r\n\r\nQu\u2019un peuple \u00e0 pr\u00e9sent s\u2019\u00e9croule,\r\nPalme\u2009!... irr\u00e9sistiblement\u2009!\r\nDans la poudre qu\u2019il se roule\r\nSur les fruits du firmament\u2009!\r\nTu n\u2019as pas perdu ces heures\r\nSi l\u00e9g\u00e8re tu demeures\r\nApr\u00e8s ces beaux abandons\u2009;\r\nPareille \u00e0 celui qui pense\r\nEt dont l\u2019\u00e2me se d\u00e9pense\r\n\u00c0 s\u2019accro\u00eetre de ses dons\u2009!\r\n\r\n<em>Paul Val\u00e9ry<\/em>\r\n(Charmes \u2013 extrait du po\u00e8me Palme)\r\n\r\n","_et_gb_content_width":""},"product_cat":[],"product_tag":[],"_links":{"self":[{"href":"https:\/\/editionsouverture.ch\/wp2019\/wp-json\/wp\/v2\/product\/4677"}],"collection":[{"href":"https:\/\/editionsouverture.ch\/wp2019\/wp-json\/wp\/v2\/product"}],"about":[{"href":"https:\/\/editionsouverture.ch\/wp2019\/wp-json\/wp\/v2\/types\/product"}],"wp:featuredmedia":[{"embeddable":true,"href":"https:\/\/editionsouverture.ch\/wp2019\/wp-json\/wp\/v2\/media\/3144"}],"wp:attachment":[{"href":"https:\/\/editionsouverture.ch\/wp2019\/wp-json\/wp\/v2\/media?parent=4677"}],"wp:term":[{"taxonomy":"product_cat","embeddable":true,"href":"https:\/\/editionsouverture.ch\/wp2019\/wp-json\/wp\/v2\/product_cat?post=4677"},{"taxonomy":"product_tag","embeddable":true,"href":"https:\/\/editionsouverture.ch\/wp2019\/wp-json\/wp\/v2\/product_tag?post=4677"}],"curies":[{"name":"wp","href":"https:\/\/api.w.org\/{rel}","templated":true}]}}