{"id":4678,"date":"2017-01-30T16:20:38","date_gmt":"2017-01-30T15:20:38","guid":{"rendered":"https:\/\/editionsouverture.ch\/wp2019\/?post_type=project&#038;p=4678"},"modified":"2019-07-31T10:38:25","modified_gmt":"2019-07-31T08:38:25","slug":"itineraires-93","status":"publish","type":"product","link":"https:\/\/editionsouverture.ch\/wp2019\/livres\/non class\u00e9\/itineraires-93\/","title":{"rendered":"Itin\u00e9raires 93"},"content":{"rendered":"<p>[et_pb_section fb_built=\u00a0\u00bb1&Prime; admin_label=\u00a0\u00bbsection\u00a0\u00bb _builder_version=\u00a0\u00bb3.22.3&Prime;][et_pb_row admin_label=\u00a0\u00bbrow\u00a0\u00bb _builder_version=\u00a0\u00bb3.22.3&Prime; background_size=\u00a0\u00bbinitial\u00a0\u00bb background_position=\u00a0\u00bbtop_left\u00a0\u00bb background_repeat=\u00a0\u00bbrepeat\u00a0\u00bb][et_pb_column type=\u00a0\u00bb4_4&Prime; _builder_version=\u00a0\u00bb3.0.47&Prime;][et_pb_text admin_label=\u00a0\u00bbText\u00a0\u00bb _builder_version=\u00a0\u00bb3.0.74&Prime; background_size=\u00a0\u00bbinitial\u00a0\u00bb background_position=\u00a0\u00bbtop_left\u00a0\u00bb background_repeat=\u00a0\u00bbrepeat\u00a0\u00bb]C\u2019est demain le jour le plus long\u2009; le jour des plus hautes lumi\u00e8res. Mais, tout de suite, la lumi\u00e8re va se mettre \u00e0 redescendre la montagne de la nuit. C\u2019est pourquoi les peintres ont toujours essay\u00e9 de retenir la lumi\u00e8re en la fixant sur leurs toiles.<\/p>\n<p>Ainsi ce bouquet de lilas qu\u2019on peut voir dans une exposition. Le vase est une boule de verre. Et le peintre a r\u00e9ussi \u00e0 rendre non seulement la lumire du verre, mais aussi la lumi\u00e8re de l\u2019eau, de l\u2019eau l\u00e9g\u00e8rement trouble, illumin\u00e9e par le soleil qui tombe de la fen\u00eatre.<\/p>\n<p>Une enfant est l\u00e0 qui regarde ce vase, cette eau. Il vient vers le peintre et demande\u2009: \u00ab\u2009Mais, comment tu as fait pour mettre l\u2019eau dans le vase\u2009?\u2009\u00bb<\/p>\n<p>Les personnes pr\u00e9sentes retiennent leur souffle. Alors le peintre dit \u00e0 l\u2019enfant\u2009: \u00ab\u2009J\u2019ai r\u00e9ussi \u00e0 mettre l\u2019eau dans le vase parce que j\u2019ai d\u2019abord essay\u00e9 de mettre sa lumi\u00e8re dans mon c\u0153ur.\u2009\u00bb<\/p>\n<p>La lumi\u00e8re, c\u2019est le c\u0153ur qui la re\u00e7oit, et qui la met ensuite sur les choses et sur les gens.<\/p>\n<p><em>Philippe Zeissig<\/em><br \/>\n[\/et_pb_text][\/et_pb_column][\/et_pb_row][\/et_pb_section]<\/p>\n","protected":false},"excerpt":{"rendered":"<p>C\u2019est demain le jour le plus long\u2009; le jour des plus hautes lumi\u00e8res. Mais, tout de suite, la lumi\u00e8re va se mettre \u00e0 redescendre la montagne de la nuit. C\u2019est pourquoi les peintres ont toujours essay\u00e9 de retenir la lumi\u00e8re en la fixant sur leurs toiles. Ainsi ce bouquet de lilas qu\u2019on peut voir dans [&hellip;]<\/p>\n","protected":false},"featured_media":3136,"template":"","meta":{"_et_pb_use_builder":"on","_et_pb_old_content":"","_et_gb_content_width":""},"product_cat":[],"product_tag":[],"_links":{"self":[{"href":"https:\/\/editionsouverture.ch\/wp2019\/wp-json\/wp\/v2\/product\/4678"}],"collection":[{"href":"https:\/\/editionsouverture.ch\/wp2019\/wp-json\/wp\/v2\/product"}],"about":[{"href":"https:\/\/editionsouverture.ch\/wp2019\/wp-json\/wp\/v2\/types\/product"}],"wp:featuredmedia":[{"embeddable":true,"href":"https:\/\/editionsouverture.ch\/wp2019\/wp-json\/wp\/v2\/media\/3136"}],"wp:attachment":[{"href":"https:\/\/editionsouverture.ch\/wp2019\/wp-json\/wp\/v2\/media?parent=4678"}],"wp:term":[{"taxonomy":"product_cat","embeddable":true,"href":"https:\/\/editionsouverture.ch\/wp2019\/wp-json\/wp\/v2\/product_cat?post=4678"},{"taxonomy":"product_tag","embeddable":true,"href":"https:\/\/editionsouverture.ch\/wp2019\/wp-json\/wp\/v2\/product_tag?post=4678"}],"curies":[{"name":"wp","href":"https:\/\/api.w.org\/{rel}","templated":true}]}}